23*p**2 + p + 456. Give o(22).
-6
Let f(r) = 192*r - 797. Determine f(4).
-29
Let h(p) = -p**3 - 110*p**2 - 2736*p - 97. What is h(-72)?
-97
Let k(s) = 218*s + 418. Determine k(-2).
-18
Let a(o) = -2*o**3 + 12*o**2 - 51*o + 97. What is a(7)?
-358
Let b(q) = 2*q**3 + 26*q**2 + 64*q + 5. Calculate b(-10).
-35
Let u(i) = i**3 - 6*i**2 - 283*i - 37. Calculate u(-14).
5
Let l(u) = u**3 + 114*u**2 + 110*u - 323. Determine l(-113).
16
Let z(b) = 603*b - 26597. Give z(44).
-65
Let p(h) = -h**2 - 38*h - 167. Determine p(-18).
193
Let h(j) = -j**2 + 35*j - 67. What is h(30)?
83
Let x(k) = 6*k**3 - 9*k**2 - 4*k + 37. What is x(-4)?
-475
Let w(o) = 8982*o + 62869. Determine w(-7).
-5
Let y(x) = x**3 - 49*x**2 + 4*x - 154. Calculate y(49).
42
Let s(j) = -j**3 - 8*j**2 - 14*j + 20. Give s(-6).
32
Let z(p) = p**3 + p**2 - 2*p + 115. Determine z(0).
115
Let r(n) = -n**2 - 77*n + 773. What is r(9)?
-1
Let u(c) = -2*c**3 + 30*c**2 - 34*c + 15. Determine u(15).
-495
Let v(l) = -8*l**3 + 209*l**2 - 150*l + 3227. Give v(26).
3
Let p(z) = -5*z**2 - 7*z + 16. What is p(-4)?
-36
Let z(l) = l**2 - 56*l + 117. Give z(54).
9
Let r(q) = -2*q**2 - 633*q - 1265. Determine r(-2).
-7
Let l(f) = 3*f**3 + 23*f**2 + 17*f + 5. What is l(-7)?
-16
Let k(x) = 9*x**3 - 5*x**2 - 9*x - 1. Give k(-2).
-75
Let r(q) = q**3 + 17*q**2 - 2*q - 46. What is r(-17)?
-12
Let b(m) = -619*m + 29084. Determine b(47).
-9
Let h(f) = -840*f + 13431. Calculate h(16).
-9
Let n(t) = t**3 - t**2 - 79*t - 483. Give n(-8).
-427
Let g(n) = -n**2 - 2*n + 243. What is g(-17)?
-12
Let v(y) = -3*y**2 + 200*y + 974. What is v(-5)?
-101
Let d(h) = -377*h - 6093. Calculate d(-16).
-61
Let s(l) = l**2 + 17*l + 5. What is s(-17)?
5
Let d(v) = v**3 - 12*v**2 - 218*v + 13. Calculate d(-10).
-7
Let i(d) = -2769*d + 2790. Calculate i(1).
21
Let f(q) = 2*q**3 - 70*q**2 - 147*q - 45. Give f(37).
-8
Let g(b) = b**3 - 64*b**2 - b - 69. Calculate g(0).
-69
Let f(p) = 898*p - 4490. Calculate f(5).
0
Let g(t) = 102*t - 1823. Determine g(18).
13
Let z(b) = -2*b**2 - 121*b - 48. Determine z(-59).
129
Let w(l) = 3790*l - 7608. Determine w(2).
-28
Let o(l) = l**3 - 63*l**2 + 64*l - 262. Calculate o(62).
-138
Let s(w) = -21*w**2 + 312*w - 14. Give s(15).
-59
Let n(l) = 8*l**2 - 8*l - 58. Calculate n(-5).
182
Let d(u) = 59*u - 2900. Give d(49).
-9
Let v(n) = -n**2 + 28*n - 56. What is v(2)?
-4
Let g(z) = -5*z + 2. Determine g(3).
-13
Let o(i) = -7*i + 136. Give o(17).
17
Let z(h) = -h**3 + 24*h**2 + 28*h - 139. Give z(25).
-64
Let k(m) = 16*m - 44. Determine k(7).
68
Let t(c) = -c**2 - 219*c + 3012. Give t(13).
-4
Let x(k) = 4*k**3 - 47*k**2 + 25*k - 17. What is x(10)?
-467
Let v(q) = -q - 28. What is v(16)?
-44
Let i(y) = -9*y**3 - y**2 + 35*y - 12. What is i(5)?
-987
Let c(p) = -3*p**3 + 6*p**2 - 84*p + 145. Determine c(2).
-23
Let v(y) = -4*y**2 + 186*y - 42. Give v(46).
50
Let o(h) = h**3 - 2*h**2 + 13*h - 52. Determine o(4).
32
Let w(j) = -4*j**2 + 122*j - 404. Give w(26).
64
Let h(d) = -d**3 - 16*d**2 - 8*d - 95. What is h(-16)?
33
Let l(k) = -29*k - 2015. Give l(-69).
-14
Let s(l) = -8*l - 185. Calculate s(-21).
-17
Let a(v) = 2*v**3 - 18*v**2 + 33*v + 8. Determine a(6).
-10
Let k(j) = 2*j**3 + 215*j**2 - 233*j + 10247. Calculate k(-109).
1
Let d(u) = -u**3 + 29*u**2 + 31*u - 130. Give d(30).
-100
Let y(z) = 3*z**2 - 1344*z + 2682. Calculate y(2).
6
Let m(q) = 121*q - 10312. What is m(85)?
-27
Let g(s) = 2*s**2 - 62*s - 281. What is g(-4)?
-1
Let f(k) = k**3 - 8*k**2 + 11*k - 323. Give f(10).
-13
Let m(i) = i**2 - 57*i - 210. Determine m(58).
-152
Let s(k) = k**3 + 3*k**2 + 133*k + 270. Determine s(-2).
8
Let y(z) = 2*z**2 + 4410*z + 17614. Determine y(-4).
6
Let q(m) = m**3 + 39*m**2 + 379*m - 32. Determine q(-20).
-12
Let h(f) = -76*f - 5040. Give h(-66).
-24
Let p(z) = -z**3 + 41*z**2 + 42*z - 4. Determine p(42).
-4
Let r(s) = -s**2 + 12227*s - 24455. Calculate r(2).
-5
Let f(i) = 140*i - 130. Calculate f(3).
290
Let z(f) = 8*f - 92. Determine z(-50).
-492
Let u(v) = 49*v - 5091. Give u(104).
5
Let s(t) = -797*t - 788. Calculate s(-1).
9
Let u(d) = 5*d**2 - 10*d - 20. Give u(-6).
220
Let n(o) = 2*o**2 - 54*o + 281. What is n(14)?
-83
Let v(r) = r**3 - 86*r**2 + 250*r - 31. Calculate v(83).
52
Let f(p) = -61*p - 7259. Give f(-122).
183
Let z(w) = -w**2 - 38*w - 91. Calculate z(-35).
14
Let f(d) = -d**2 + 2278*d - 9096. What is f(4)?
0
Let k(u) = 12371*u - 74228. Calculate k(6).
-2
Let a(l) = 1993*l + 9975. Determine a(-5).
10
Let a(u) = -u**3 - 30*u**2 + 114*u + 638. Give a(-33).
143
Let y(i) = i**3 + 49*i**2 - 453*i + 61. What is y(-57)?
-110
Let i(p) = -p**2 + 698*p + 19582. Calculate i(-27).
7
Let o(u) = -4*u - 40. Calculate o(-14).
16
Let y(n) = -2*n**2 + 15*n - 124. Calculate y(8).
-132
Let p(a) = -a**3 - 23*a**2 - 22*a + 9. Give p(-22).
9
Let m(b) = b**3 - 28*b**2 - 5. Calculate m(28).
-5
Let v(l) = -l**3 + 56*l**2 - 300*l + 8. What is v(50)?
8
Let z(s) = 2*s**3 - 17*s**2 + 21*s + 14. Give z(7).
14
Let p(f) = 3597*f + 25157. Determine p(-7).
-22
Let x(n) = -98*n - 178. What is x(-2)?
18
Let o(v) = -v**3 + 29*v**2 + 49*v - 530. Determine o(30).
40
Let j(k) = -k**2 - k + 198. Give j(0).
198
Let g(u) = -47*u**2 - 6488*u - 271. What is g(-138)?
5
Let y(q) = 3597*q - 111503. Give y(31).
4
Let l(r) = 59*r + 417. Calculate l(-6).
63
Let q(g) = 3*g + 75. Determine q(-20).
15
Let o(p) = -13*p**2 + 102*p + 128. Give o(9).
-7
Let a(h) = -32*h - 303. Give a(-9).
-15
Let f(s) = 6*s**2 - 116*s - 71. Give f(20).
9
Let j(x) = -28*x**3 + 20*x - 18. Determine j(1).
-26
Let h(q) = q**3 + 9*q**2 - 113*q - 789. Give h(-6).
-3
Let k(p) = 5*p**2 + 71*p + 426. What is k(-7)?
174
Let q(u) = u**2 + 147*u - 2958. Give q(-165).
12
Let r(y) = y**2 + 10*y - 11. Calculate r(-15).
64
Let a(v) = -2*v**2 - 117*v + 2368. Calculate a(16).
-16
Let s(q) = 2110*q - 2098. Calculate s(1).
12
Let c(f) = 15*f**2 - 479*f - 34. Calculate c(32).
-2
Let x(z) = 21*z**2 - 39*z - 5. Determine x(7).
751
Let n(r) = 2*r**2 + 95*r + 127. Calculate n(-55).
952
Let f(d) = d**2 + 63*d + 121. Calculate f(-44).
-715
Let d(b) = -414*b - 5381. Determine d(-13).
1
Let c(j) = 330*j - 1346. What is c(4)?
-26
Let c(g) = -11*g**2 - 92*g + 24. Determine c(-8).
56
Let v(b) = 2*b**3 + 2*b**2 + 6*b - 31. What is v(2)?
5
Let q(f) = f**3 + 6*f**2 + 19*f + 37. What is q(-4)?
-7
Let k(o) = 17*o**2 - 33*o - 62. What is k(-2)?
72
Let h(y) = 527*y - 1553. Give h(3).
28
Let x(j) = j**2 + 1249*j + 7472. Calculate x(-6).
14
Let r(d) = -176*d - 122. What is r(-2)?
230
Let w(n) = 4*n**2 + 224*n + 212. What is w(-55)?
-8
Let i(x) = -x**3 + 20*x**2 + 388*x - 124. Give i(32).
4
Let a(p) = -10*p**2 - 12*p + 8. Determine a(-4).
-104
Let t(y) = -y**2 + 32*y - 114. Determine t(5).
21
Let t(n) = 8*n + 75. What is t(-12)?
-21
Let u(b) = b**3 - 7*b**2 + 11*b - 7. Give u(4).
-11
Let n(k) = 19488*k - 97436. Calculate n(5).
4
Let w(z) = -z**3 - 19*z**2 - 31*z - 43. What is w(-18)?
191
Let l(w) = -w**2 - 53*w - 298. Determine l(-48).
-58
Let u(l) = l**2 - 554*l + 5424. Calculate u(10).
-16
Let x(k) = 2*k**2 + 463*k - 9788. Determine x(-251).
1
Let g(c) = -c**3 - 19*c**2 - 18*c + 10. Give g(-19).
352
Let z(r) = 7*r + 147. Determine z(-13).
56
Let c(d) = -25*d - 65. Calculate c(-10).
185
Let t(s) = -1771*s + 1775. Determine t(1).
4
Let p(q) = q**3 - 52*q**2 + 151*q - 193. Give p(49).
3
Let i(n) = 2*n**3 - 97*n**2 - 1033*n + 21. What is i(-9)?
3
Let v(a) = 2*a**3 - 32*a**2 + 17*a - 78. Give v(16).
194
Let c(z) = 29*z - 362. Calculate c(11).
-43
Let l(i) = -19*i - 170. Calculate l(-12).
58
Let l(a) = 2*a**2 - 67*a + 141. Calculate l(31).
-14
Let k(l) = 189*l**2 - 765*l + 33. Calculate k(4).
-3
Let o(l) = -24*l**2 - 4*l + 5. Give o(1).
-23
Let i(m) = 50*m - 385. What is i(8)?
15
Let r(c) = 28*c + 431. What is r(-16)?
-17
Let p(k) = k**2 + 29*k - 82. Calculate p(-31).
-20
Let q(n) = 895*n + 22372. Give q(-25).
-3
Let j(w) = w**3 + 13*w**2 - 291*w - 3929. Give j(-15).
-14
Let g(p) = p**3 + 19*p**2 - 199*p - 16. What is g(8)?
120
Let w(f) = -18*f - 106. Determine w(-13).
128
Let c(z) = -351*z - 2088. Give c(-6).
18
Let f(c) = -5*c**3 - 3*c**2 + c. Determine f(-3).
105
Let g(f) = -f**2 + 228*f - 9704. Calculate g(171).
43
Let w(k) = k**3 - 14*k**2 + 26*k - 233. Give w(13).
-64
Let p(u) = u**3 - 16*u**2 + 18*u + 40. 